-12 = -p - a*l. Let i(r) = -140 - r + 148 - 7*r + r**p. Calculate i(8).
8
Let h(i) = 3 + 3 - 1 - 2 - 1 + 5*i + i**2. Suppose 0 = 7*q - 3*q + 20. What is h(q)?
2
Let t(b) = 3*b**2 + b - 1. Let u be t(-2). Let j(p) = 3*p + 4 - u + 0*p - p. Let o = 6 + -2. What is j(o)?
3
Let n(t) be the first derivative of -t**4/4 - 2*t**3 - 7*t**2/2 - 36*t + 1547. Calculate n(-5).
-26
Let n(c) be the third derivative of c**5/120 + c**4/12 + 203*c**3/6 + 96*c**2. Let a(d) be the first derivative of n(d). Give a(-7).
-5
Let f(z) = 173*z - 2426. Let q be f(14). Let a(s) = s**3 + 5*s**2 + 5*s + 3. What is a(q)?
-1
Let l(i) = 19*i - 170. Let w(s) = 18*s - 170. Let a(m) = -6*l(m) + 5*w(m). Let g be a(7). Let o(z) = -z**3 + 2*z**2 - 2*z + 3. Give o(g).
-1
Let o = 216 - 200. Suppose 23*c + o = 27*c. Let d(u) be the first derivative of u**4/4 - 4*u**3/3 + 2*u**2 - 4*u - 1. Determine d(c).
12
Let s(y) = -y**2 + 40*y - 190. Let a be s(35). Let u(b) = b**3 + 17*b**2 + 28*b + 7. What is u(a)?
37
Let w(r) = 3*r**3 - 20*r**2 + 18*r - 19. Let c be w(6). Suppose -21*q - 266 = c*q. Let d(k) = k**3 + 6*k**2 - 8*k - 5. What is d(q)?
2
Let z(t) = -15*t**2 + 5*t + 30. Let s(p) = -13*p**2 + 6*p + 28. Let m(a) = -8*s(a) + 7*z(a). What is m(-12)?
-2
Let o(w) = -11 + 48 + w - 21 + 3*w - 12. Let d be -2*(-3)/12*6. Calculate o(d).
16
Let w(d) = -d**3 - 5*d**2 + 2*d - 6. Suppose -20 = -4*s - b, 5*s + b + 11 = 36. Suppose -23 = 4*g - h, -g - 1 = -s*h - 0. What is w(g)?
18
Let p(a) = -10*a. Let s(j) = 5*j + 132. Let n be s(-25). Suppose 3*k = -3*u - 12, -5*k + u + 5 = n. Calculate p(k).
10
Let d(p) be the third derivative of -p**7/2520 + p**6/360 - 2*p**4 - p**2 + 25*p. Let o(u) be the second derivative of d(u). Give o(2).
0
Suppose -57*g + 55*g - v + 28 = 0, 0 = 3*g - v - 52. Let l(j) = j**3 - 16*j**2 - j + 21. Give l(g).
5
Let t(s) = 2 + 10*s**2 - 13*s + 2*s - s**3 - 9 - s + 5. Determine t(7).
61
Let x(c) be the second derivative of c**5/5 + c**4/6 - c**3/6 + 17*c + 1. Suppose -a = -0*a - 49. Let b be 3/2 - a/14. Determine x(b).
-22
Let o(j) = -j**2 + 7*j - 5. Let y(g) = g**3 - 11*g**2 - 11*g - 10. Let a be 5/(-10) + (-25)/(-2). Let x be y(a). Suppose 0 = x*k + 3*k - 20. Determine o(k).
7
Suppose 5*q - 5 - 5 = 0. Let c(d) = -6*d + d**3 - q*d + 3 + 3*d**2 - 6. Let t(n) = 12*n**2 + 66*n + 85. Let v be t(-3). What is c(v)?
-13
Let w(n) be the first derivative of n**4/4 + n**3 - 51*n**2/2 + 20*n - 676. Determine w(-9).
-7
Let d(v) = -12 + v + 12 + 8 - 12 - 21. Determine d(27).
2
Let c(l) = 1190*l + 3577. Let y be c(-3). Let d(i) = -12*i**2 + 85*i - 1. Determine d(y).
6
Let u(g) = -32*g**2 - 2*g + 2. Let v(x) = -15*x**2 - x. Let n(m) = u(m) - 2*v(m). Suppose -4*h - 7 = 9. What is n(h)?
-30
Let j(g) be the first derivative of -g**3/3 - 10*g**2 - 32*g - 666. What is j(-16)?
32
Let m(o) = 35*o - 21*o - 531 + 519 - 12*o. Calculate m(2).
-8
Let v(h) = -h**2 - 2*h - 13. Let j = -46 - -40. Let q(y) = 3*y**2 + 6*y + 37. Let s(u) = j*q(u) - 17*v(u). Let p(l) = l**2 - 8*l + 9. Let k be p(6). Give s(k).
-4
Let h be -5*1*17/17. Let o(b) = 6*b - 4. Let z(u) = 1 - 45*u + 44*u + 0. Let v(r) = 2*o(r) + 10*z(r). What is v(h)?
-8
Let n be (((-8)/(-14))/(192/(-11424)))/(-1). Let a(v) = -5*v + 157. Determine a(n).
-13
Let f be ((-18)/(-45))/(-3 - (-3333)/1110). Let j(m) = -156*m - f*m + 301*m + 1. Calculate j(7).
-20
Let j(n) be the second derivative of n**6/360 + n**5/15 - 3*n**4/4 + 5*n**3/6 - 8*n**2 - 8*n - 4. Let y(f) be the second derivative of j(f). Determine y(-9).
-9
Let p(j) = 26*j + 1807. Let q be p(-69). Let v(k) = -7*k + 94. Determine v(q).
3
Suppose 2*r = -4*q - 16, -3*q - 16 = -0*r + 2*r. Let n be r*1 + 0/(-2). Let b(p) be the first derivative of -p**4/4 - 3*p**3 - 5*p**2 - 6*p + 163. Give b(n).
10
Let h(t) = -t**3 - 2*t**2 + 4*t + 2. Let v be (-2 - -3)/(5/(-105) - (-34)/(-119)). Calculate h(v).
-1
Let g(y) be the third derivative of y**6/120 + y**5/12 - 11*y**4/24 - 2*y**3/3 - y**2 - 7*y - 14. Give g(-7).
-25
Let b(t) = 6*t**2 + 218*t + t**3 + 7 - 119*t - 113*t + 18. Calculate b(-8).
9
Let z(p) = 1208*p**2 - 604*p**2 - 635*p**2 - 33*p + 31 + p**3. Determine z(32).
-1
Let h(i) be the first derivative of i**4/4 + 2*i**3 - 4*i**2 - 10*i + 977. What is h(-7)?
-3
Let j(v) = 44 - v - 107*v**2 + 2*v + 106*v**2. Let u be j(-6). Let b(n) = n**3 - 3*n**2 - 6*n + 7 + 5*n**2 + n + 2*n**u. Calculate b(-5).
7
Let k be (8 + -8 + 1)*-8. Let y(h) = 2*h - 2. Give y(k).
-18
Let r(y) = 232*y + 154. Let u(q) = -50*q - 1. Let t(z) = r(z) + 4*u(z). Determine t(-5).
-10
Let d(n) = -n**2 - 6*n + 2. Let u(h) = -2*h**2 - 17*h + 5. Let x(r) = r**3 + 8*r**2 + r + 4. Let i be x(-8). Let p(q) = i*u(q) + 11*d(q). What is p(-2)?
-14
Suppose -189*j = -93*j - 93*j + 75. Let i(w) = -w**2 - 32*w - 172. Give i(j).
3
Let d(w) = w**2 - 6*w. Let v be (8 + -7)*((-2)/2 + 1). Suppose 2*r - 115 = z, v = -r - 0*r - z + 59. Let j = r + -53. What is d(j)?
-5
Let v(o) = -3*o - 25. Let j(w) = w**2 + 36*w + 121. Let t be j(-32). Determine v(t).
-4
Let r(a) be the second derivative of 0 - 1/2*a**2 - 1/6*a**3 - 48*a. Let q be 66/(-15) - 6/(-15). Calculate r(q).
3
Let x(h) = h - 20 - 15 + 33. Let p be x(5). Let l(z) = z**3 + 20*z - 5*z + p*z**2 - 7*z - 7*z - 3. What is l(-3)?
-6
Let d(u) = -u**3 - 4*u**2 - 3*u. Suppose 6*i - 22 = 20. Suppose -2*t = -3*r - 876, -2*r - 4*t = -i*t + 579. Let c be (r/(-180) + 2/(-15))*-2. Determine d(c).
0
Suppose 12*i - 17*i = -40. Let j(d) = 485*d - 15. Let t(n) = -112*n + 4. Let u(w) = -6*j(w) - 26*t(w). Determine u(i).
2
Suppose 365*z - 136 = 331*z. Let d(h) be the third derivative of -3/20*h**5 + 0*h - 1/120*h**6 + 3/8*h**z + 14*h**2 - 7/6*h**3 + 0. What is d(-10)?
3
Let c(n) = -2*n**2 + 8 - n**2 - 3*n + 2*n**2. Let w(k) = -29*k**2 + 121*k**3 + 12*k - 242*k**3 - 51 + 119*k**3. Let h be w(-15). Give c(h).
-10
Suppose -y + 3*p + 1 = 19, 0 = 4*y + 2*p + 16. Suppose 1194 - 1152 = 7*q. Let h(u) = -u - 11 + 1 - 3 + q. Determine h(y).
-1
Let i(k) = k**3 - 9*k**2 - 11*k - 12. Let f(g) = 8*g - 170. Let h be f(-6). Let n = h + 228. Determine i(n).
-22
Let k(i) = 2*i**2 - 3*i - 3. Let b(r) = 5*r + 102. Let t be b(-16). Suppose 5*s - 16*s = t. Calculate k(s).
11
Let s be -10 + 2 - 9/((-27)/12). Let g be (s/(-5))/(34/170). Let i(d) = -d**3 + 3*d**2 + d + 4. Give i(g).
-8
Let d(f) = f**2 + 2*f + 6. Let t be d(-3). Suppose 5*a - t = 6. Let y(g) = 4*g + g**3 - 3 - 2*g**a + 5*g**2 - 2*g + 4*g. Calculate y(6).
-3
Let y(u) = u**2 - 16*u - 1. Let w = -221 - -256. Suppose 672 = 7*b + w*b. Determine y(b).
-1
Let w be 40/(-50)*(-5)/2. Let u(m) = -9 + 7*m**3 - 6*m**w + 3*m - 4*m**3 + 4 - 4*m**3. Calculate u(-6).
-23
Let m(w) = -9*w + 75. Let y(o) = 4*o - 32. Let d(b) = -2*m(b) - 5*y(b). Let q be (-1)/2 - (-34)/4. Determine d(q).
-6
Let j(g) = g**3 - 5*g**2 + 3*g + 4. Suppose -3407 = -3*c - 5126. Let m = 576 + c. What is j(m)?
-5
Let c(h) = -h - 27. Let q(g) = g + 23. Suppose 7*r = 98 - 119. Let i(j) = r*q(j) - 2*c(j). Calculate i(-21).
6
Let l(o) = o**2 + 22*o + 76. Let r be 577/16 - 36 - 1*578/32. What is l(r)?
4
Let z(p) = 41*p**2 - 2*p + 11. Let s(v) = -44*v**2 + 2*v - 13. Let h(y) = 5*s(y) + 6*z(y). Give h(1).
25
Let i(t) = 26485 - 52984 + 26491 + 4*t. Determine i(10).
32
Let a(z) be the second derivative of -19*z**3/3 + 21*z**2 - 641*z - 4. What is a(1)?
4
Let i(g) = -13*g**3 - 10*g**2 + 24*g - 30. Let x(w) = 3*w**3 + 2*w**2 - 6*w + 7. Let b(p) = -2*i(p) - 9*x(p). What is b(-2)?
1
Suppose -3*p - 9 = -0*p. Let y(b) = 2*b**2 - 21*b - 32. Let j be y(12). Let v(s) = 2*s**2 - s + 0*s**2 + s**2 + 1 - j*s**2. Give v(p).
-5
Let j be (-1)/(-8 + (-28)/(-4)). Let y(x) = 14*x**3 - x**2 + 4*x - 3. Give y(j).
14
Let o be (-2)/(-3*2/24). Suppose -o*m - 51 - 229 = 0. Let b = -46 - m. Let g(h) = -h**2 - 10*h + 6. Determine g(b).
-5
Let s(z) = 175*z + z**2 + 524*z - 706*z + 0*z**2 - 1. Let p(g) = -g**2 + 7*g - 2. Let x be p(6). Calculate s(x).
-13
Let v be 24574/6702 - 2/(-6). Let j(o) = 1 + 5 - 3*o - o**3 + 2*o**2 + 0*o**2. Calculate j(v).
-38
Let t be 10/4*(-24)/(-30). Let d be (-5 + 3 + 4)/(1 - -1). Let r = d - t. Let q(m) = -2*m. Calculate q(r).
2
Let c(t) = -t**3 - 4*t**2 - 4*t - 3. Suppose -38*g + 146 = -82. Suppose -4*v + 8 - 20 = 4*m, v = 2*m + g. What is c(m)?
0
Let i be (-1)/5 + (-272)/(-85). Let v(b) = -2*b + 18. Let u be v(7). Let g(l) =